-5*u, -8*s + 4*s - 2*u = -380. What is the tens digit of s?
9
Let p = -4 - -6. Suppose 0 = -n + p*n - 15. What is the tens digit of n?
1
Let r = 38 + -12. Suppose -30 = -4*o + r. What is the units digit of o?
4
Let d(h) = -h**2 + 25*h - 4. What is the hundreds digit of d(12)?
1
Suppose 19 = 6*n - 11. What is the units digit of 31/2*(-3 + n)?
1
Let v(g) = 5*g - 6. What is the units digit of v(13)?
9
Let f(c) = c**3 - 3*c**2 + 3. Let z be f(3). Suppose -m = -z*m - 22. Let l = -6 - m. What is the units digit of l?
5
Let h(n) = 16*n**2 - 1. Let f be h(-1). Let o be (-10)/f*30/(-4). Suppose o*p - 14 = 21. What is the units digit of p?
7
Suppose -16 = 2*f - 3*f. Let q = 41 - 19. Let j = q - f. What is the units digit of j?
6
Let b = -93 - -135. What is the tens digit of b?
4
Let g(o) = 12*o**3 - o - 2. What is the tens digit of g(2)?
9
Let w(l) = 34*l**2 - 5*l - 6. What is the tens digit of w(-2)?
4
Let t = -31 + 59. What is the units digit of (5/(-2) + 3)*t?
4
What is the units digit of (-141)/(-18) - (-4)/24?
8
Suppose 0 = -5*v - 3 + 13, 4*j - 5*v - 6 = 0. Let z = -2 + j. What is the units digit of z/(-12) - (-37)/6?
6
Let x(h) = h**2 + 3*h + 1. Let q be x(-4). Let w(i) = -3*i + q*i - 4 - 1. What is the units digit of w(6)?
7
Let d(j) = -7*j - 1. Let i be d(-1). Suppose -b + i = 1. Suppose 3*s = -3*v + 18, -b*v - 9 = -4*v - 4*s. What is the units digit of v?
3
Let h(j) = -252*j**3 + 3*j**2 + 2*j. What is the tens digit of h(-1)?
5
What is the units digit of (((-4)/(-6))/2)/((-12)/(-3204))?
9
Suppose 5*u - 159 - 11 = 0. What is the units digit of u?
4
Let c = 9 - 4. Suppose 4*n + 2 = 3*z + 3, c*n = -5*z + 10. What is the units digit of z?
1
Suppose 5*v + 114 = 3*u, v + 2*u = 3*u - 24. Let z = -13 - v. What is the units digit of z?
8
Suppose 2*x - 3*x + 14 = 0. Let u = 33 - x. What is the units digit of u?
9
Let d(l) = -l**3 - l + 1. Let o(w) = -5*w**3 + 5*w**2 - 7*w - 1. Let b(j) = -6*d(j) + o(j). Let p be b(-5). What is the units digit of p + 5 + 3 - 2?
4
Let z(j) = j + 1. Let y be z(1). Suppose 19 = 4*i - y*c - c, -2*c + 14 = 4*i. Suppose -5*w - i*u = -80, 4 = 2*w - 4*u - 0. What is the tens digit of w?
1
Suppose -5*m = -4*m - 163. What is the tens digit of m?
6
What is the units digit of 2/(-6) + (-876)/(-36)?
4
Let q = 3 + 11. What is the units digit of q?
4
Let v(u) = -2 + 10 - 7*u + 0*u**3 - 5*u**2 - u**3 + 2*u**3. Let s be v(6). Suppose 5*k = s*k + 42. What is the tens digit of k?
1
Let w(t) = -t**2 - 8*t. What is the units digit of w(-6)?
2
Suppose -2*q + 18 = 74. Let b = 39 + q. What is the units digit of b?
1
Suppose 0 = 5*n + u - 3 - 3, 0 = 4*n - 2*u - 16. Suppose -3*j + 7*j = 0. What is the units digit of 1 - -1*(n + j)?
3
Suppose 133 = -5*n + 1008. What is the units digit of n?
5
What is the units digit of (-10 + 1 + 0)*9/(-3)?
7
What is the tens digit of (-3 - -1 - -36)/(0 + 1)?
3
Let l be (-6)/(-4)*72/27. Suppose 4*y - 40 = -y. Suppose l*g + g = r + 13, 5*g = 4*r - y. What is the units digit of r?
7
Let z(b) = -b**3 - 4*b**2 + 7*b + 2. What is the tens digit of z(-6)?
3
Let m(w) be the second derivative of 13*w**6/360 + w**5/60 - w**4/24 + w**3/3 + 3*w. Let a(b) be the second derivative of m(b). What is the units digit of a(1)?
4
Let y(b) = -3*b**2 - 11*b + 3. Let w(k) = 4*k**2 + 17*k - 5. Let d(z) = 5*w(z) + 7*y(z). Let p be (-69)/(-9) - 2/3. What is the units digit of d(p)?
3
Suppose -4*p - 5*l = -4*l + 20, -3*l = -12. Let y = p + 10. What is the units digit of y?
4
Let m be 2 - 43 - (-2 - 0). Let f = m + 72. What is the tens digit of f?
3
Let t(d) = 20*d**2. Let w = 10 + -11. What is the units digit of t(w)?
0
Suppose 3*q + b + 93 = 7*q, 5*q = -4*b + 111. What is the units digit of q?
3
Let l(v) = -v**2 - 5*v - 2. Let f be -2 - 0/(3 - 1). Let t be l(f). What is the units digit of 15/21 - t/(-14)?
1
Let p be ((-132)/(-10))/((-4)/(-20)). Suppose -2*c - c + p = 0. What is the tens digit of c?
2
Let a be -2*4*9/(-2). Suppose -s - 2*s + a = 0. Suppose -3*f + 5*z + s = 2*z, 4*f - 6 = -z. What is the units digit of f?
2
Let n = 5 + 20. What is the tens digit of n?
2
Let y be (-2)/(-7) - 63/49. What is the tens digit of (-2 - y)*13/(-1)?
1
Suppose -6 = -3*g + 3. Suppose x + 0*x - 17 = -5*q, -g*x - 21 = -3*q. Suppose 0 = q*v - 1 - 3. What is the units digit of v?
1
Let m(c) be the third derivative of c**4/8 - 5*c**3/3 + c**2. Let u(x) = x**3 - 4*x**2 - 3*x - 2. Let i be u(5). What is the tens digit of m(i)?
1
Let b be (-2)/3*(-1 + -5). Suppose -j = b*o, 3*j - 2*o = 13 + 1. What is the units digit of j?
4
Let a(h) = h**3 - h + 66. What is the tens digit of a(0)?
6
What is the tens digit of (4/10)/(1/80)?
3
Let b be -1*2*(-57)/(-6). Let u = -11 - b. Suppose 3*q = -3*a + 2*a + 50, 4*a - u = 0. What is the tens digit of q?
1
Let n(x) be the second derivative of 2*x**5/5 + x**4/12 + x**3/6 - 3*x. Let t be n(-1). What is the units digit of (-2)/4*t/2?
2
Let m(t) = t**2 - 6*t - 6. Let f be m(6). Let c be (-744)/(-20)*(-10)/(-3). What is the units digit of c/12 - (-2)/f?
0
Suppose -5*k + 300 = 5*r, -r - k - 2*k = -64. What is the tens digit of r?
5
Let p(i) = 3 - i**2 + i**3 + 2*i**2 + 4*i - 2*i**3. Let h(u) = u**2 + 5*u + 4. Let o be h(-3). What is the units digit of p(o)?
7
Let u be 1/((-13)/6 + 2). What is the units digit of ((-2)/u)/(4/24)?
2
Let m(v) = -11*v - 15. Let p(x) = -5*x - 8. Let r(g) = 3*m(g) - 5*p(g). What is the tens digit of r(-3)?
1
Let k be (0/(-1))/(0 - 1). Let m(n) = n + 4. Let c be m(k). Let w = c + -2. What is the units digit of w?
2
Let i(h) = 2*h**3 + 5*h**2 - 6*h**2 - h**3 + 1 + 3*h + 2*h**2. Let n be i(3). Suppose -2*v - 2*r = -n, -2*r = v + 3*v - 84. What is the tens digit of v?
1
Let u(r) = -4*r + 14. Let d be u(10). Let k = d - -48. What is the tens digit of k?
2
Let s be (1 + 4)*36/(-60). Let v(m) = -2*m**3 - 5*m**2 - 2*m + 2. What is the units digit of v(s)?
7
Let f = 37 - 31. What is the units digit of f?
6
Let w be ((-32)/(-6) + -1)*3. Suppose -s + 3*q = 2*q - 1, -q - w = -3*s. What is the units digit of s?
6
Suppose 4*v + 2*i = 14, -2 = -5*v + 2*i + 2. Suppose 0 = v*y - 23 - 3. What is the tens digit of y?
1
Suppose -9 = -2*d - d. What is the tens digit of 2/d - (-322)/21?
1
Let d be (-3)/6*1*4. Suppose 3*x - 18 = -0*x. Let i = x - d. What is the units digit of i?
8
Let c(j) = j**2 - j - 41. What is the units digit of c(12)?
1
Let r(h) = h**2 - 5. Suppose -2*m = 2*y - 22, 5*y - 49 = -4*m + 2*m. Let n = y - 5. What is the units digit of r(n)?
1
Let y = 7 + -2. Suppose 0*h - 15 = y*h. What is the units digit of 2/h + 34/6?
5
Let q = -69 - -97. Suppose 0 = -3*j + q - 4. What is the units digit of j?
8
Let s(d) = d + 7. Suppose 100 = -0*p + 5*p. Let n be p/(-6)*(-30)/(-25). What is the units digit of s(n)?
3
Let l be (-8)/6*15/(-10). Let o = 8 + l. Suppose -1 + o = 3*c. What is the units digit of c?
3
Let k(j) = j**3 + j**2. What is the tens digit of k(5)?
5
Suppose 0 = -r - 0*r + 1. What is the units digit of r?
1
Let m(f) = -f**3 + 5*f**2 - 3*f - 2. Let w = 11 - 7. Let z be m(w). Suppose z - 10 = -c. What is the units digit of c?
8
Suppose 6*m - m + 5*g - 10 = 0, m + 7 = -4*g. Suppose 2*q - 3*v = 56, 0 = m*v + 8 + 2. What is the tens digit of q?
2
Let a be 13062/98 - (-2)/(-7). Suppose 61 = o - 4*t, 6*o - a = 3*o + 2*t. What is the tens digit of o?
4
Let a(o) be the third derivative of o**4/8 - o**3 - 2*o**2. Let g(b) = b. Let u be g(6). What is the units digit of a(u)?
2
Let q = 33 - -1. What is the tens digit of q?
3
Let u(n) = -n**3 - n**2 - 3*n + 2. Let w be 0 + -2 + 0 - -4. Let m be u(w). Let p = m - -31. What is the tens digit of p?
1
Suppose 2*z + 35 = 117. What is the tens digit of z?
4
Suppose -4*h = -3*h - 4, 109 = 3*l + h. What is the units digit of l?
5
Let k(z) = z - 7*z**3 + 1 - 9*z**2 + 1 + 6*z**3 + 5*z. What is the tens digit of k(-10)?
4
Let d(x) = -4*x - 3. Let n be d(-1). Let k = n - -31. What is the tens digit of k?
3
Let p(b) = 6 - b**2 + 12*b - 12*b. Let z be p(0). Suppose 2*n + 4*v = z + 14, 0 = -2*v - 4. What is the units digit of n?
4
Let n(g) = -4*g - 4. Let k be n(-6). Let d = k + -14. What is the units digit of d?
6
Let a be -1 - 0 - (0 - 4). Suppose a*j - j - 6 = 0, 84 = 3*f + 3*j. Suppose 3*n - 8 = f. What is the tens digit of n?
1
Let d be 8/(-12)*9/(-2). Suppose h + d*g + 1 = -